its digit of m?
3
Let s = -133 - -223. What is the tens digit of s?
9
Let u(i) = -3*i**3 - i**2 + i + 1. Let s be (-2)/7 - 10/14. Let h be u(s). What is the units digit of 8*h/12*3?
4
Suppose -5*f - 12*t + 365 = -10*t, -5*t = -3*f + 250. What is the tens digit of f?
7
Suppose 6*p - 4*p - 4 = 0. Suppose 3*l - 138 = -3*z, 0 = -p*l + 6*l - 8. Suppose -4*c - 2*w = -z, 3*w = 5*c + 6*w - 57. What is the units digit of c?
9
Suppose -2*a = 2*a - 84. What is the tens digit of a?
2
Let c(t) = 2*t**2 + t - 2. What is the units digit of c(-3)?
3
Suppose -5*d + i = -1203, 5*d - 2*i - 2*i - 1212 = 0. Suppose -6*r + r + d = 0. What is the units digit of r?
8
Suppose 9 = 4*o + 1. Let n be (-4)/(-3) - 10/(-15). Suppose -x = 3*l - n*l + o, -l - 4*x - 17 = 0. What is the units digit of l?
3
Suppose 5*t + 38 = 7*t. Suppose -2*k + t = -11. What is the tens digit of k?
1
Let c(q) = -q**3 - 3*q**2 - 1. Let p be c(-3). Suppose 12 = 3*f - 5*f. Let a = p - f. What is the units digit of a?
5
Let i(z) = -17*z**3 - 1. Let c be i(-1). Let b = 21 - c. What is the units digit of b?
5
Let d be -5 - -5 - (-4)/(-2). Suppose o - 4 = -0*o. Let j = o - d. What is the units digit of j?
6
Suppose 0 = -2*h - 0 - 2. Let k be 1/(-2)*-10 - h. Let n = -4 + k. What is the units digit of n?
2
Let x = -6 - -10. Let k(w) = -x + 3 + 2*w + 8*w**2 + 2*w**2 + 2. What is the units digit of k(-1)?
9
Let y(n) = -1 + 0 + 0*n + n + 2. What is the units digit of y(5)?
6
What is the units digit of ((-76)/((-8)/(-4)))/(-2)?
9
Let s = -54 - -80. What is the units digit of s?
6
Suppose 4*a = -20, 0*u + 4*a = -u - 23. Let o be (2 + u)/((-1)/7). What is the units digit of (-4)/(-6)*(o + 2)?
6
Let b(n) = 7*n - 31. What is the hundreds digit of b(26)?
1
Let k = 24 + -11. Suppose -5*j + 0 = 3*f - k, -2*j + 5*f - 1 = 0. Let i(b) = b**3 - b**2. What is the units digit of i(j)?
4
Suppose 94 + 24 = 2*b. What is the units digit of b?
9
Let t(k) = 2*k - 2. Let h be t(4). Suppose 3*b + 5*p - p - 226 = 0, 2*b + p - 144 = 0. Suppose h*w - w = b. What is the tens digit of w?
1
Suppose 4*p - 5*p + 6 = 0. What is the units digit of (-3)/2*(-24)/p?
6
Let l(w) = w**3 - 11*w - 9. What is the tens digit of l(7)?
5
Let p(d) = -d**2 + 3*d - 4. Let v be p(4). Let r = -6 - v. Suppose 6 = -0*u + r*u. What is the units digit of u?
3
Let u(o) = o**2 - 5*o - 7. Let j be u(7). Let d = -14 + 9. Let p = j - d. What is the tens digit of p?
1
What is the tens digit of (0 - -3) + 2 + 59?
6
Suppose -5*n = -z + 322, 4*n - 25 = 4*z - 289. Let v = -38 - n. What is the tens digit of v?
2
Let h = 16 - 5. Let s = h - -6. What is the tens digit of s?
1
What is the units digit of 9 + -10 - (1 + -21 + -2)?
1
Let f = 317 + 31. What is the units digit of f?
8
Suppose 5*s - 3*n = -0*s + 31, 5*s = 2*n + 29. Suppose -s*o + 155 + 120 = 0. What is the tens digit of o?
5
Let u = -15 + 10. What is the units digit of (-15)/5*u/3?
5
Let p be (12/(-15))/(2/(-15)). What is the units digit of 3/(p/46) - 0?
3
Suppose -6*w + 75 = -w. Let q = w - 8. What is the units digit of q?
7
Let i = 11 - 7. Suppose -8*o = -i*o. Let t = o + 7. What is the units digit of t?
7
Suppose -3*o + 38 = -2*o. Suppose 5*z - 19 = k + 42, 2*k + o = 3*z. What is the tens digit of z?
1
Let g(m) = 4*m**2 + m + 4. What is the units digit of g(3)?
3
Suppose 2*k + 286 = 4*r - 0*k, 4*r + 5*k = 251. What is the tens digit of (2/(-2))/((-3)/r)?
2
Let s be -3 + 3*(1 - -1). Suppose 6*q - 15 = s*q. Suppose -q*m = 2 - 42. What is the units digit of m?
8
Suppose 0 = -3*g + 132 + 36. What is the units digit of g?
6
Let s = 272 - 125. What is the tens digit of s?
4
What is the units digit of 2 - ((-1 - -1) + -3)?
5
Suppose -7*a + 25 = -2*a. Suppose r = -r + 10, -2*i = -3*r + a. What is the units digit of i*(3 - 24/10)?
3
What is the tens digit of (-218)/(-8) - (-2)/(-8)?
2
Let c = -2 - -33. Let q = 59 - c. What is the tens digit of q?
2
Let z = -15 - 3. Let x = -10 - z. What is the tens digit of x + 4 + -1 + -1?
1
Suppose -4*n = -9 + 1. Suppose n = -4*b - v + 7, -v - 9 = -3*b. What is the units digit of 5 + 0 + 0/b?
5
Let t be (4 + -10)/(3/(-2)). Suppose 8 = -0*q - t*q. What is the units digit of -2 + (2 - 2/q)?
1
Suppose 3*w = 190 - 31. What is the tens digit of w?
5
Let q(t) = 12*t**2 + t - 2. What is the units digit of q(3)?
9
Let l(o) = o**3 - 8*o**2 + 9*o - 5. Let g(f) = -f + 2. Let d be g(0). Suppose -5*p - 2*c + 23 = -14, 0 = -2*p - d*c + 16. What is the units digit of l(p)?
9
Suppose 2*q - 795 + 329 = 0. What is the units digit of q?
3
Suppose 9 = a + 5*t - 3, -3*a = -5*t + 24. Suppose 2*z - 5 = 3. Let y = a + z. What is the units digit of y?
1
Suppose 2*o = 2*z + 174, 2*z = -8 - 0. Let t = -54 + o. Suppose 5*m - 25 = g + 4*g, -g - t = -5*m. What is the units digit of m?
6
Suppose -5*d + 8 = x, d + 0 = x - 2. Suppose x*q + 2*h = h + 4, 4 = -2*h. Suppose -4*f - 5*b = -28, q*b + 2*b - 16 = 0. What is the units digit of f?
2
What is the units digit of (-7377)/(-39) + 8/(-52)?
9
Let z be ((-98)/(-35))/((-3)/(-30)). Let o = 63 - z. What is the units digit of o?
5
Suppose -2*u + 12 = -4*u + 4*v, -8 = -2*u - v. Suppose 42 = -t + u*t. Suppose -g - 4*d + 12 = g, 2*g - t = 2*d. What is the units digit of g?
6
Let k(l) = 2*l**2 - 2*l - 27. What is the units digit of k(10)?
3
Let o(c) = -6*c + 2. Let n be (1 - 6)*(-2)/(-5). What is the tens digit of o(n)?
1
Let y = 0 + -7. Let c(j) = -j**2 - 9*j - 10. Let l be c(y). Suppose l*a - 40 + 8 = 0. What is the units digit of a?
8
Let a be -3*((-42)/9 + 3). Suppose t + 0*t = 3*m + 12, 3*t - a*m = 56. What is the tens digit of t?
2
Let a be (6/(-5))/((-2)/(-50)). Let f be a/(-9)*9/3. Let c = 21 - f. What is the tens digit of c?
1
Suppose 4*c + 94 = -2*h, -3*h - 1 = 2. Let p = c - -9. Let m = -2 - p. What is the units digit of m?
2
Let v(y) = -y**3 - 5*y**2 + 6*y + 1. Let f(p) = p**2 + 1. Suppose -4*q + 4 + 0 = 0. Let k(n) = q*v(n) - f(n). What is the units digit of k(-7)?
7
Suppose 0 = 5*z - 3*f - 16, 4*z + 3*f - 3 = -1. Suppose -3*b = z*y - 108, 0 = -b - 2*y + 3*y + 41. What is the tens digit of b?
3
Suppose -19 = -5*r + 1. Suppose 4*b = -0*b + t + 74, -r*b - 3*t = -82. What is the tens digit of b?
1
Let k = 43 - -2. What is the tens digit of k?
4
Suppose 3*f + 20 = 8*f. Suppose -f*j + 12 = -2*j. What is the units digit of j?
6
Let i(a) be the second derivative of a**4/6 + 11*a**3/6 + 11*a**2/2 - 6*a. What is the tens digit of i(-8)?
5
Suppose -76 = -4*j - 2*c, 5*j - 5*c - 23 - 57 = 0. What is the units digit of j?
8
Suppose -5*s + 10 + 0 = 0, 2*y + 4*s = 48. What is the units digit of y?
0
Suppose 3*a - 4*a - 11 = -3*v, 2*a = -5*v. Let h = v + -1. What is the units digit of (0 + 0 + h)*5?
5
Let i = 7 + -4. Suppose -i*b = -b. Suppose b = 2*u + 6 - 16. What is the units digit of u?
5
Let o(s) = -s**2 + s. Let i(j) = 4*j**2 - 4*j + 1. Let k(r) = -i(r) - 5*o(r). What is the units digit of k(4)?
1
What is the units digit of (-5)/(-5) + (0 - -39)?
0
Suppose 10 = -4*q + q - 5*r, 5*q = -2*r - 23. Let n be (-1)/5 - 16/q. Let y(c) = -c**3 + 4*c**2 - c. What is the units digit of y(n)?
6
Suppose 0 = n - 19 - 5. Suppose -5*a + n = 4*d, -d = -4*a - 28 + 1. What is the units digit of d?
1
Suppose -11 - 4 = -3*r. Suppose -r*g - 2*a + 45 = -a, 5*a = -25. What is the units digit of g?
0
Let a(q) = -2*q - 1. Let o be a(-2). Suppose 2*l - 4*r + 6 = -o*l, 0 = -l + r - 2. Suppose 0 = h + 3*h, -2*u + l*h = -8. What is the units digit of u?
4
Let f(v) = v**3 - 4*v**2 - 5*v - 8. What is the units digit of f(6)?
4
Let f(y) = -33*y. What is the units digit of f(-1)?
3
Suppose 0 = 5*p + a - 471, 0 = -0*p - 3*p + a + 289. What is the tens digit of (4 + 0)/(10/p)?
3
Let s = 59 - 25. What is the tens digit of s?
3
Let f(m) = m**2 + 9*m + 1. Let b be f(-7). Let v = -8 - b. What is the units digit of v?
5
Let w = 21 - -1. Suppose -4*p = -10 - w. What is the units digit of p?
8
Let u(a) = -a**3 - 12*a**2 - 2*a - 25. What is the units digit of u(-13)?
0
Suppose 12 = -i - 5. Let q = 35 + i. What is the units digit of q?
8
Let d(h) = h**2 - 3*h - 8. Let a be -2 - (-9 + -3 + 3). What is the tens digit of d(a)?
2
Let a be 2*2 - (-1)/(-1). Suppose a*d = -f - 10, -5*d - 50 = 4*f - 9*f. Suppose v + 4 - 17 = 4*s, 50 = f*v - 5*s. What is the units digit of v?
9
Let g = 166 + -91. What is the units digit